lculate the highest common divisor of 8 and p.
4
Let h = 319 + -291. Calculate the greatest common divisor of 4 and h.
4
Suppose 0 = -y + 3*k + 27, 3*y + 4*k = -k + 151. Suppose -160 = -y*c + 38*c. What is the greatest common factor of 30 and c?
10
Let c = -19 - -22. Suppose -s + 16 = c*p, 5*s - 5*p = 30 + 10. What is the highest common factor of s and 30?
10
Suppose 8*s - 408 = 4*s. What is the highest common factor of s and 68?
34
Let s be (-91 - -5)*-2 - 27/(-9). Calculate the highest common factor of s and 75.
25
Suppose 20*s + 7917 = 41*s. What is the greatest common divisor of 29 and s?
29
Let s(b) = b**2 - 7*b + 7. Let a be s(7). Suppose 899 = a*p + 52. Calculate the greatest common factor of 11 and p.
11
Suppose -5*w - 18 = 3*y - 6*y, y - 2 = w. Let p be (-2)/w - (-175)/15. Calculate the greatest common divisor of 6 and p.
6
Let f be 41/(738/108) + 3121*1. What is the highest common divisor of f and 59?
59
Let z = 5350 + -2971. Calculate the greatest common divisor of z and 13.
13
Suppose 2*p = -o, 5*p - 27 = 5*o + 48. Let w = 34 + o. Let u be 50*2 + 2/(-4)*8. Calculate the highest common divisor of u and w.
24
Suppose 7*a + 6*a - 2717 = 0. What is the greatest common divisor of a and 76?
19
Let k(w) = 7*w**2 + 3*w - 6. Let j(o) = 6*o**2 + 3*o - 6. Let g(z) = 4*j(z) - 3*k(z). Let d be g(-3). What is the greatest common divisor of 120 and d?
12
Let m(r) = -r**2 - r + 57. Let i be m(-9). Let a = i - -18. What is the greatest common factor of a and 4?
1
Suppose 5*o - 10 = 0, o + 287 = 3*k - 4*o. Calculate the greatest common factor of k and 11.
11
Let f(j) = 5*j + 56. Suppose 0 = -5*b + 7*b + 14. Let m be f(b). What is the greatest common factor of m and 147?
21
Suppose -2*b + 516 = 5*t, -124*b + 297 = 3*t - 127*b. Calculate the highest common divisor of t and 6.
6
Suppose 881 + 1342 = 39*u. What is the greatest common factor of 703 and u?
19
Let b = 1 + -6. Let i be (b/(-2))/(2/4). Let h(j) = 29*j - 1522. Let k be h(53). What is the highest common divisor of k and i?
5
Let i(g) = 7*g**2 - 2. Let d be i(-1). Calculate the greatest common factor of 245 and d.
5
Let c be (0 + (-9 - 121))*-1. Suppose 2*m - 4 - 48 = 0. Calculate the highest common factor of m and c.
26
Suppose -4*d + 108 = -2*r, -5*d - 4*r = -d - 96. What is the highest common factor of 13 and d?
13
Let t = 282 - 264. What is the highest common divisor of 72 and t?
18
Suppose -l + 0*l + 2 = 0, 344 = 2*o - 4*l. Suppose 3*k = 4*k - o. What is the greatest common divisor of k and 16?
16
Suppose -12 = 4*s - 24. Suppose -5*z - 19 = -5*u - 4, -4*u - z = -7. Suppose -u*b = -3*n + 37, 5*b - 10 = 10. Calculate the greatest common factor of s and n.
3
Suppose 3*g - 103 - 41 = -p, -606 = -4*p - 2*g. Let v = p + -103. Calculate the greatest common factor of 10 and v.
10
Let h = -15 - -2. Let f = -7 - h. Let s be (-195)/(-21) + 4/(-14). What is the greatest common divisor of f and s?
3
Let b be (-5 - -9)/(34/5083). What is the highest common divisor of b and 26?
26
Let y(z) = -30 + 9 + 3 + 2*z. Suppose 0 = 2*l - 4 - 16. Let p be y(l). What is the greatest common factor of p and 2?
2
Suppose -3*o = -8*o + i + 53, -55 = -4*o + 5*i. What is the greatest common divisor of o and 2?
2
Let r(j) = -2*j + 3*j - 3*j - 1 + 7*j - j**2. Let d be r(4). Suppose 0 = 8*n - d*n - 30. What is the greatest common divisor of n and 6?
6
Let x = -74 + 83. Let l(g) = 11*g**3 + 3*g**2 - 1. Let b be l(2). Calculate the highest common divisor of x and b.
9
Let s(p) = 48*p + 1. Suppose -5*q + 0 = -2*d + 1, 0 = -4*q + 5*d - 11. Let h be s(q). Calculate the highest common factor of h and 7.
7
Suppose -g = -8 - 10. Suppose 3*i + 5*p - g = 0, -5*i + 4*p = -2*i - 18. Suppose 4 = 5*s - i. What is the greatest common divisor of s and 14?
2
Let a = -20 + 34. Let n(w) = 7*w**2 - 12*w + 62. Let y be n(4). What is the highest common factor of a and y?
14
Suppose -378 = -8*w - 19*w. Let a = 7 + -5. Calculate the greatest common factor of a and w.
2
Let t = -266 - -277. What is the greatest common divisor of 341 and t?
11
Suppose -10*o - 23 - 37 = 0. Let d(z) = -6*z - 14. Let y be d(o). Let a = -8 + 19. What is the greatest common factor of a and y?
11
Suppose -10*a + 1718 = -82. Suppose 5*c + g - 100 = 0, g = c + 7 - 27. Calculate the greatest common divisor of c and a.
20
Let d(n) be the first derivative of -n**3/3 - 5*n**2 - 9*n + 4. Let s be d(-7). Let r = s - 11. What is the greatest common divisor of r and 9?
1
Suppose 1616 = 3*z - s, 4*z + s + 153 - 2317 = 0. Calculate the highest common divisor of z and 120.
60
Suppose a + 33 - 10 = 4*l, 4*l + 67 = -5*a. Let o = a + 26. Calculate the greatest common divisor of o and 11.
11
Let v(g) = g**2 + 3*g + 1. Let m = -1 + -3. Let x be v(m). Suppose 0 = x*c - 10 - 0. Calculate the highest common divisor of c and 20.
2
Let u(r) = 2*r + 12. Let m be u(-5). Suppose h = -p - 7, 0 = -p + 2 + m. Let b be (h/(-22))/((-2)/(-8)). Calculate the highest common factor of b and 3.
1
Let g be (120/(-14))/((-15)/70). Let u = -5 - -10. Calculate the highest common divisor of u and g.
5
Suppose 2*d = -6, 2*m + 2*d + 0*d = 0. Suppose m = w - 13. Suppose 4*z = s + 190, -3*s = -3*z + s + 136. What is the greatest common divisor of z and w?
16
Let w be (9*12/(-18))/(1/2). Let n be (-3)/w + (-115)/(-20). Calculate the greatest common factor of n and 48.
6
Let g(j) = -2*j + 4. Let w be g(4). Let h = 6 - 9. Let s be h/(w/(-8)*-1). Calculate the greatest common divisor of 3 and s.
3
Let y(m) = -m + 70. Let i be y(38). Calculate the highest common divisor of i and 176.
16
Let s be 6*(5 - 2) + -4*1. Let f = s + 11. Calculate the highest common divisor of f and 100.
25
Suppose 47 = -5*p - 3*n, 2*p - 2*n + 5*n + 26 = 0. Let s = 14 + p. Let m(g) = 4*g - 1. Let l be m(2). What is the greatest common factor of l and s?
7
Let c be 20/(-2)*(35/(-10) + 3). Suppose -m - 5*w + w = 8, c*w = -m - 13. What is the highest common factor of 18 and m?
6
Suppose 8*w - 2556 = 2820. Suppose 5*j = -9*j + w. Let i = -7 - -23. What is the highest common factor of j and i?
16
Let c = -1507 - -1527. What is the greatest common divisor of c and 1910?
10
Let x be 12/4*(-5)/(-3). Suppose -15 = -3*g, -4*w - x*g + 709 = -4*g. Calculate the highest common factor of 16 and w.
16
Suppose -41*u + 19 = -40*u. Suppose -2*c = u - 61. Let j = 759 - 528. What is the highest common divisor of c and j?
21
Let m(k) = 2*k**2 - 8*k - 13. Suppose 29 + 7 = 6*q. Let d be m(q). What is the greatest common factor of d and 44?
11
Let k be 2952/12 + 1 + -2 - -2. Calculate the greatest common divisor of k and 38.
19
Let j(f) = f - 13. Let w be j(15). Let c = 14 - w. Calculate the highest common divisor of 6 and c.
6
Let s be 16/(-120) + 1397/15. Suppose 0 = i + 2*v - s + 17, -4*v - 208 = -3*i. Suppose 0 = 8*f - 8 - i. Calculate the highest common divisor of f and 5.
5
Let d be 4*(-7 - (-61)/4). Calculate the highest common divisor of d and 22.
11
Let o = 124 + -94. What is the greatest common divisor of 330 and o?
30
Suppose -2*f = f - 84. Let k be 8/f + 120/21. Suppose k*w - 50 = 10. Calculate the highest common factor of 60 and w.
10
Suppose 0 = s + p + 70 + 68, 5*p = 4*s + 588. Let w = -100 - s. Suppose o - 12 = -o. Calculate the greatest common factor of o and w.
6
Suppose 4*k + 5*g - 27 = 68, 0 = -5*k + g + 126. What is the highest common divisor of k and 575?
25
Suppose 14*u = 16434 - 1524. What is the highest common divisor of u and 15?
15
Suppose 0 = -5*z + 193 - 28. Let g = 17 + z. What is the highest common factor of g and 20?
10
Suppose 22*n - 177 = 593. Calculate the highest common factor of n and 7.
7
Let k(g) = -g**3 + 7*g**2 + 38*g + 22. Let j be k(9). Calculate the greatest common divisor of j and 2.
2
Let f(t) = 9 + 0 - 65*t + 20*t - 1. Let n be f(-2). Suppose 7*o + 4*c = 4*o + 136, -n = -2*o + c. Calculate the highest common factor of 16 and o.
16
Suppose 622 = -24*h + 1774. What is the highest common factor of h and 984?
24
Suppose -5*b = -8*b + 48. Let w(r) = r**3 - 4*r**2 + 2. Let c be w(4). What is the highest common factor of b and c?
2
Let q = 926 - 627. What is the highest common divisor of q and 13?
13
Let i(v) = -6*v + 47. Let d be i(5). What is the highest common factor of d and 17?
17
Suppose 4*x - 249 = 5*l, -5*x + 4*l = 127